{"id":899,"date":"2020-06-03T13:55:39","date_gmt":"2020-06-03T16:55:39","guid":{"rendered":"https:\/\/ispef-cha.infd.edu.ar\/sitio\/?page_id=899"},"modified":"2024-03-08T15:55:58","modified_gmt":"2024-03-08T18:55:58","slug":"profesorado-de-educacion-superior-de-educacion-fisica","status":"publish","type":"page","link":"https:\/\/ispef-cha.infd.edu.ar\/sitio\/profesorado-de-educacion-superior-de-educacion-fisica\/","title":{"rendered":"PLAN DE ESTUDIOS VIGENTE"},"content":{"rendered":"<p>El plan de estudios del profesorado de Educaci\u00f3n F\u00edsica se encuentra estructurado en <strong>5 niveles (a\u00f1os) de cursado<\/strong> con unidades curriculares distribuidas en <strong>tres campos del conocimiento<\/strong> (campo general, campo espec\u00edfico o disciplinar y campo de la formacci\u00f3n profesional), adem\u00e1s cuenta con unidades curriculares de cursado obligatorio.<\/p>\n<p style=\"text-align: center;\">Si quer\u00e9s conocer su estructura pod\u00e9s descargarla aqu\u00ed\u00a0<\/p>\n<p><img decoding=\"async\" class=\"aligncenter\" src=\"http:\/\/cooperativajuanramonjimenez.es\/wp-content\/uploads\/2017\/02\/1-flecha-roja.gif\" \/><\/p>\n<p style=\"text-align: center;\">\u00a0 <a href=\"https:\/\/ispef-cha.infd.edu.ar\/sitio\/wp-content\/uploads\/2023\/01\/Estructura-curricular-diseno-2017.pdf\">Estructura curricular dise\u00f1o 2017<\/a><\/p>\n<p><a href=\"https:\/\/ispef-cha.infd.edu.ar\/sitio\/wp-content\/uploads\/2024\/03\/RESOLUCION-No1941.2017-EDUCACION-FISICA.pdf\">RESOLUCION N\u00ba1941.2017 EDUCACI\u00d3N FISICA<\/a>\u00a0 (Resoluci\u00f3n de plan de estudios 2017)<\/p>\n<p>&nbsp;<\/p>\n","protected":false},"excerpt":{"rendered":"<p>El plan de estudios del profesorado de Educaci\u00f3n F\u00edsica se encuentra estructurado en 5 niveles (a\u00f1os) de cursado con unidades curriculares distribuidas en tres campos del conocimiento (campo general, campo espec\u00edfico o disciplinar y campo de la formacci\u00f3n profesional), adem\u00e1s cuenta con unidades curriculares de cursado obligatorio. Si quer\u00e9s conocer su estructura pod\u00e9s descargarla aqu\u00ed\u00a0 &#8230; <a title=\"PLAN DE ESTUDIOS VIGENTE\" class=\"read-more\" href=\"https:\/\/ispef-cha.infd.edu.ar\/sitio\/profesorado-de-educacion-superior-de-educacion-fisica\/\" aria-label=\"More on PLAN DE ESTUDIOS VIGENTE\">[+]<\/a><\/p>\n","protected":false},"author":2184,"featured_media":0,"parent":0,"menu_order":0,"comment_status":"closed","ping_status":"closed","template":"","meta":[],"acf":[],"_links":{"self":[{"href":"https:\/\/ispef-cha.infd.edu.ar\/sitio\/wp-json\/wp\/v2\/pages\/899"}],"collection":[{"href":"https:\/\/ispef-cha.infd.edu.ar\/sitio\/wp-json\/wp\/v2\/pages"}],"about":[{"href":"https:\/\/ispef-cha.infd.edu.ar\/sitio\/wp-json\/wp\/v2\/types\/page"}],"author":[{"embeddable":true,"href":"https:\/\/ispef-cha.infd.edu.ar\/sitio\/wp-json\/wp\/v2\/users\/2184"}],"replies":[{"embeddable":true,"href":"https:\/\/ispef-cha.infd.edu.ar\/sitio\/wp-json\/wp\/v2\/comments?post=899"}],"version-history":[{"count":15,"href":"https:\/\/ispef-cha.infd.edu.ar\/sitio\/wp-json\/wp\/v2\/pages\/899\/revisions"}],"predecessor-version":[{"id":2220,"href":"https:\/\/ispef-cha.infd.edu.ar\/sitio\/wp-json\/wp\/v2\/pages\/899\/revisions\/2220"}],"wp:attachment":[{"href":"https:\/\/ispef-cha.infd.edu.ar\/sitio\/wp-json\/wp\/v2\/media?parent=899"}],"curies":[{"name":"wp","href":"https:\/\/api.w.org\/{rel}","templated":true}]}}