{"id":787,"date":"2018-07-03T13:44:54","date_gmt":"2018-07-03T16:44:54","guid":{"rendered":"https:\/\/ispef-cha.infd.edu.ar\/sitio\/datos-institucionales\/"},"modified":"2022-07-06T08:32:36","modified_gmt":"2022-07-06T11:32:36","slug":"datos-institucionales","status":"publish","type":"page","link":"https:\/\/ispef-cha.infd.edu.ar\/sitio\/datos-institucionales\/","title":{"rendered":"Datos institucionales"},"content":{"rendered":"<p class=\"MsoNormal\" style=\"line-height: normal; background-image: initial; background-repeat: initial; background-attachment: initial; -webkit-background-clip: initial; -webkit-background-origin: initial; background-color: white; text-align: center; background-position: initial initial;\">\n<p class=\"MsoNormal\" style=\"line-height: normal; background-image: initial; background-repeat: initial; background-attachment: initial; -webkit-background-clip: initial; -webkit-background-origin: initial; background-color: white; text-align: center; background-position: initial initial;\">\n<p class=\"MsoNormal\" style=\"line-height: normal; background-image: initial; background-repeat: initial; background-attachment: initial; -webkit-background-clip: initial; -webkit-background-origin: initial; background-color: white; text-align: center; background-position: initial initial;\"><a name=\"OLE_LINK3\"><\/a><a name=\"OLE_LINK2\"><\/a><a name=\"OLE_LINK1\"><\/a><span style=\"mso-bookmark: OLE_LINK2;\"><span style=\"mso-bookmark: OLE_LINK3;\"><strong><span style=\"font-size: 22.0pt; font-family: CalimaDB;\">Instituto de Educaci\u00f3n Superior de Educaci\u00f3n F\u00edsica<\/span><\/strong><\/span><\/span><\/p>\n<p class=\"MsoNormal\" style=\"line-height: normal; background-image: initial; background-repeat: initial; background-attachment: initial; -webkit-background-clip: initial; -webkit-background-origin: initial; background-color: white; text-align: center; background-position: initial initial; margin: 5.55pt;\"><span style=\"mso-bookmark: OLE_LINK1;\"><span style=\"mso-bookmark: OLE_LINK2;\"><span style=\"mso-bookmark: OLE_LINK3;\"><span style=\"font-size: 7.0pt;\">&nbsp;<\/span><\/span><\/span><\/span><\/p>\n<p class=\"MsoNormal\" style=\"text-align: left; line-height: normal; background-image: initial; background-repeat: initial; background-attachment: initial; -webkit-background-clip: initial; -webkit-background-origin: initial; background-color: white; background-position: initial initial;\"><span style=\"mso-bookmark: OLE_LINK1;\"><span style=\"mso-bookmark: OLE_LINK2;\"><span style=\"mso-bookmark: OLE_LINK3;\"><strong><span style=\"font-size: 12.0pt;\">Horarios de atenci\u00f3n:&nbsp;<\/span><\/strong><\/span><\/span><\/span><span style=\"mso-bookmark: OLE_LINK1;\"><span style=\"mso-bookmark: OLE_LINK2;\"><span style=\"mso-bookmark: OLE_LINK3;\"><span style=\"font-size: 12.0pt;\">Lunes a viernes de 7:30 a 11:30 hs \u2013 15 hs a 19:30 hs.<\/span><\/span><\/span><\/span><\/p>\n<p class=\"MsoNormal\" style=\"text-align: left; line-height: normal; background-image: initial; background-repeat: initial; background-attachment: initial; -webkit-background-clip: initial; -webkit-background-origin: initial; background-color: white; background-position: initial initial;\"><span style=\"mso-bookmark: OLE_LINK1;\"><span style=\"mso-bookmark: OLE_LINK2;\"><span style=\"mso-bookmark: OLE_LINK3;\"><strong><span style=\"font-size: 12.0pt;\">Direcci\u00f3n:&nbsp;<\/span><\/strong><\/span><\/span><\/span><span style=\"mso-bookmark: OLE_LINK1;\"><span style=\"mso-bookmark: OLE_LINK2;\"><span style=\"mso-bookmark: OLE_LINK3;\"><span style=\"font-size: 12.0pt;\">Av. Lavalle 700. Resistencia \u2013 Chaco<\/span><\/span><\/span><\/span><\/p>\n<p class=\"MsoNormal\" style=\"text-align: left; line-height: normal; background-image: initial; background-repeat: initial; background-attachment: initial; -webkit-background-clip: initial; -webkit-background-origin: initial; background-color: white; background-position: initial initial;\"><span style=\"mso-bookmark: OLE_LINK1;\"><span style=\"mso-bookmark: OLE_LINK2;\"><span style=\"mso-bookmark: OLE_LINK3;\"><strong><span style=\"font-size: 12.0pt;\">Tel\u00e9fono: s\/n<\/span><\/strong><\/span><\/span><\/span><\/p>\n<p class=\"MsoNormal\" style=\"text-align: left; line-height: normal; background-image: initial; background-repeat: initial; background-attachment: initial; -webkit-background-clip: initial; -webkit-background-origin: initial; background-color: white; background-position: initial initial;\"><span style=\"mso-bookmark: OLE_LINK1;\"><span style=\"mso-bookmark: OLE_LINK2;\"><span style=\"mso-bookmark: OLE_LINK3;\"><strong><span style=\"font-size: 12.0pt;\">E-mail:&nbsp;<\/span><\/strong><\/span><\/span><\/span><span style=\"mso-bookmark: OLE_LINK1;\"><span style=\"mso-bookmark: OLE_LINK2;\"><span style=\"mso-bookmark: OLE_LINK3;\"><span style=\"font-size: 12.0pt;\">intef_rcia@yahoo.com.ar<\/span><\/span><\/span><\/span><\/p>\n<p class=\"MsoNormal\" style=\"text-align: left; line-height: normal; background-image: initial; background-repeat: initial; background-attachment: initial; -webkit-background-clip: initial; -webkit-background-origin: initial; background-color: white; background-position: initial initial;\"><strong><span style=\"mso-bookmark: OLE_LINK1;\"><span style=\"mso-bookmark: OLE_LINK2;\"><span style=\"mso-bookmark: OLE_LINK3;\"><span style=\"font-size: 12.0pt;\">Facebook: EFBOOK<\/span><\/span><\/span><\/span><\/strong><\/p>\n<p class=\"MsoNormal\" style=\"text-align: left; line-height: normal; background-image: initial; background-repeat: initial; background-attachment: initial; -webkit-background-clip: initial; -webkit-background-origin: initial; background-color: white; background-position: initial initial;\"><span style=\"mso-bookmark: OLE_LINK1;\"><span style=\"mso-bookmark: OLE_LINK2;\"><span style=\"mso-bookmark: OLE_LINK3;\"><strong><span style=\"font-size: 12.0pt;\">URL:<\/span><\/strong><\/span><\/span><\/span><span style=\"mso-bookmark: OLE_LINK1;\"><span style=\"mso-bookmark: OLE_LINK2;\"><span style=\"mso-bookmark: OLE_LINK3;\"><span style=\"font-size: 12.0pt;\">&nbsp;<\/span><\/span><\/span><\/span><a title=\"http:\/\/ispef.cha.infd.edu.ar \" href=\"http:\/\/ispef.cha.infd.edu.ar%20\"><span style=\"mso-bookmark: OLE_LINK1;\"><span style=\"mso-bookmark: OLE_LINK2;\"><span style=\"mso-bookmark: OLE_LINK3;\"><span style=\"font-size: 12.0pt;\">http:\/\/ispef.cha.infd.edu.ar<\/span><\/span><\/span><\/span><\/a><\/p>\n","protected":false},"excerpt":{"rendered":"<p>Instituto de Educaci\u00f3n Superior de Educaci\u00f3n F\u00edsica &nbsp; Horarios de atenci\u00f3n:&nbsp;Lunes a viernes de 7:30 a 11:30 hs \u2013 15 hs a 19:30 hs. Direcci\u00f3n:&nbsp;Av. Lavalle 700. Resistencia \u2013 Chaco Tel\u00e9fono: s\/n E-mail:&nbsp;intef_rcia@yahoo.com.ar Facebook: EFBOOK URL:&nbsp;http:\/\/ispef.cha.infd.edu.ar<\/p>\n","protected":false},"author":2184,"featured_media":0,"parent":0,"menu_order":0,"comment_status":"closed","ping_status":"closed","template":"","meta":[],"acf":[],"_links":{"self":[{"href":"https:\/\/ispef-cha.infd.edu.ar\/sitio\/wp-json\/wp\/v2\/pages\/787"}],"collection":[{"href":"https:\/\/ispef-cha.infd.edu.ar\/sitio\/wp-json\/wp\/v2\/pages"}],"about":[{"href":"https:\/\/ispef-cha.infd.edu.ar\/sitio\/wp-json\/wp\/v2\/types\/page"}],"author":[{"embeddable":true,"href":"https:\/\/ispef-cha.infd.edu.ar\/sitio\/wp-json\/wp\/v2\/users\/2184"}],"replies":[{"embeddable":true,"href":"https:\/\/ispef-cha.infd.edu.ar\/sitio\/wp-json\/wp\/v2\/comments?post=787"}],"version-history":[{"count":3,"href":"https:\/\/ispef-cha.infd.edu.ar\/sitio\/wp-json\/wp\/v2\/pages\/787\/revisions"}],"predecessor-version":[{"id":1500,"href":"https:\/\/ispef-cha.infd.edu.ar\/sitio\/wp-json\/wp\/v2\/pages\/787\/revisions\/1500"}],"wp:attachment":[{"href":"https:\/\/ispef-cha.infd.edu.ar\/sitio\/wp-json\/wp\/v2\/media?parent=787"}],"curies":[{"name":"wp","href":"https:\/\/api.w.org\/{rel}","templated":true}]}}