{"id":2091,"date":"2023-07-27T17:12:33","date_gmt":"2023-07-27T20:12:33","guid":{"rendered":"https:\/\/ispef-cha.infd.edu.ar\/sitio\/?page_id=2091"},"modified":"2024-12-08T17:36:27","modified_gmt":"2024-12-08T20:36:27","slug":"ciclo-lectivo","status":"publish","type":"page","link":"https:\/\/ispef-cha.infd.edu.ar\/sitio\/ciclo-lectivo\/","title":{"rendered":"CARRERAS"},"content":{"rendered":"\n<p><\/p>\n\n\n\n<p><strong>PROFESORADO EN EDUCACI\u00d3N SUPERIOR EN EDUCACI\u00d3N F\u00cdSICA<\/strong><\/p>\n\n\n\n<p><a href=\"https:\/\/ispef-cha.infd.edu.ar\/sitio\/wp-content\/uploads\/2023\/12\/RESOLUCION-No1941.2017-EDUCACION-FISICA.pdf\">RESOLUCION N\u00ba1941.2017 EDUCACI\u00d3N FISICA<\/a><\/p>\n\n\n<p><strong>TECNICATURA SUPERIOR EN GESTI\u00d3N DEPORTIVA<\/strong><\/p>\n<p><\/p>\n<p>PLAN DE ESTUDIO (RESOLUCI\u00d3N MINISTERIAL N\u00b0 4016\/21)<\/p>\n<p><\/p>","protected":false},"excerpt":{"rendered":"<p>PROFESORADO EN EDUCACI\u00d3N SUPERIOR EN EDUCACI\u00d3N F\u00cdSICA RESOLUCION N\u00ba1941.2017 EDUCACI\u00d3N FISICA TECNICATURA SUPERIOR EN GESTI\u00d3N DEPORTIVA PLAN DE ESTUDIO (RESOLUCI\u00d3N MINISTERIAL N\u00b0 4016\/21)<\/p>\n","protected":false},"author":72,"featured_media":0,"parent":0,"menu_order":0,"comment_status":"closed","ping_status":"closed","template":"","meta":[],"acf":[],"_links":{"self":[{"href":"https:\/\/ispef-cha.infd.edu.ar\/sitio\/wp-json\/wp\/v2\/pages\/2091"}],"collection":[{"href":"https:\/\/ispef-cha.infd.edu.ar\/sitio\/wp-json\/wp\/v2\/pages"}],"about":[{"href":"https:\/\/ispef-cha.infd.edu.ar\/sitio\/wp-json\/wp\/v2\/types\/page"}],"author":[{"embeddable":true,"href":"https:\/\/ispef-cha.infd.edu.ar\/sitio\/wp-json\/wp\/v2\/users\/72"}],"replies":[{"embeddable":true,"href":"https:\/\/ispef-cha.infd.edu.ar\/sitio\/wp-json\/wp\/v2\/comments?post=2091"}],"version-history":[{"count":4,"href":"https:\/\/ispef-cha.infd.edu.ar\/sitio\/wp-json\/wp\/v2\/pages\/2091\/revisions"}],"predecessor-version":[{"id":2336,"href":"https:\/\/ispef-cha.infd.edu.ar\/sitio\/wp-json\/wp\/v2\/pages\/2091\/revisions\/2336"}],"wp:attachment":[{"href":"https:\/\/ispef-cha.infd.edu.ar\/sitio\/wp-json\/wp\/v2\/media?parent=2091"}],"curies":[{"name":"wp","href":"https:\/\/api.w.org\/{rel}","templated":true}]}}