{"id":1735,"date":"2022-10-29T07:23:28","date_gmt":"2022-10-29T10:23:28","guid":{"rendered":"https:\/\/ispef-cha.infd.edu.ar\/sitio\/?page_id=1735"},"modified":"2022-10-29T07:45:49","modified_gmt":"2022-10-29T10:45:49","slug":"xxxv-encuentro-de-minivoley","status":"publish","type":"page","link":"https:\/\/ispef-cha.infd.edu.ar\/sitio\/xxxv-encuentro-de-minivoley\/","title":{"rendered":"XXXV ENCUENTRO DE MINIVOLEY"},"content":{"rendered":"\n<p>En el marco del acompa\u00f1amiento a diversas actividades de las organizaciones del medio, el IESEF partici\u00f3 junto a alumnos y profesores de la unidad curricular VOLEY en el acompa\u00f1amiento al XXXV Encuentro de Minivoley organizado por el CUNE.<\/p>\n\n\n\n<p>Asistierona al evento el profesor Daniel Collado y el equipo directivo. <\/p>\n\n\n\n<figure class=\"wp-block-gallery columns-3 is-cropped wp-block-gallery-1 is-layout-flex\"><ul class=\"blocks-gallery-grid\"><li class=\"blocks-gallery-item\"><figure><img decoding=\"async\" loading=\"lazy\" width=\"720\" height=\"1600\" src=\"https:\/\/ispef-cha.infd.edu.ar\/sitio\/wp-content\/uploads\/2022\/10\/WhatsApp-Image-2022-10-16-at-07.26.59-2-6.jpeg\" alt=\"\" data-id=\"1736\" data-full-url=\"https:\/\/ispef-cha.infd.edu.ar\/sitio\/wp-content\/uploads\/2022\/10\/WhatsApp-Image-2022-10-16-at-07.26.59-2-6.jpeg\" data-link=\"https:\/\/ispef-cha.infd.edu.ar\/sitio\/?attachment_id=1736#main\" class=\"wp-image-1736\" srcset=\"https:\/\/ispef-cha.infd.edu.ar\/sitio\/wp-content\/uploads\/2022\/10\/WhatsApp-Image-2022-10-16-at-07.26.59-2-6.jpeg 720w, https:\/\/ispef-cha.infd.edu.ar\/sitio\/wp-content\/uploads\/2022\/10\/WhatsApp-Image-2022-10-16-at-07.26.59-2-6-450x1000.jpeg 450w, https:\/\/ispef-cha.infd.edu.ar\/sitio\/wp-content\/uploads\/2022\/10\/WhatsApp-Image-2022-10-16-at-07.26.59-2-6-691x1536.jpeg 691w\" sizes=\"(max-width: 720px) 100vw, 720px\" \/><\/figure><\/li><li class=\"blocks-gallery-item\"><figure><img decoding=\"async\" loading=\"lazy\" width=\"720\" height=\"1600\" src=\"https:\/\/ispef-cha.infd.edu.ar\/sitio\/wp-content\/uploads\/2022\/10\/WhatsApp-Image-2022-10-16-at-07.26.59-3-6.jpeg\" alt=\"\" data-id=\"1737\" data-full-url=\"https:\/\/ispef-cha.infd.edu.ar\/sitio\/wp-content\/uploads\/2022\/10\/WhatsApp-Image-2022-10-16-at-07.26.59-3-6.jpeg\" data-link=\"https:\/\/ispef-cha.infd.edu.ar\/sitio\/?attachment_id=1737#main\" class=\"wp-image-1737\" srcset=\"https:\/\/ispef-cha.infd.edu.ar\/sitio\/wp-content\/uploads\/2022\/10\/WhatsApp-Image-2022-10-16-at-07.26.59-3-6.jpeg 720w, https:\/\/ispef-cha.infd.edu.ar\/sitio\/wp-content\/uploads\/2022\/10\/WhatsApp-Image-2022-10-16-at-07.26.59-3-6-450x1000.jpeg 450w, https:\/\/ispef-cha.infd.edu.ar\/sitio\/wp-content\/uploads\/2022\/10\/WhatsApp-Image-2022-10-16-at-07.26.59-3-6-691x1536.jpeg 691w\" sizes=\"(max-width: 720px) 100vw, 720px\" \/><\/figure><\/li><li class=\"blocks-gallery-item\"><figure><img decoding=\"async\" loading=\"lazy\" width=\"720\" height=\"1600\" src=\"https:\/\/ispef-cha.infd.edu.ar\/sitio\/wp-content\/uploads\/2022\/10\/WhatsApp-Image-2022-10-16-at-07.26.59-4-6.jpeg\" alt=\"\" data-id=\"1738\" data-full-url=\"https:\/\/ispef-cha.infd.edu.ar\/sitio\/wp-content\/uploads\/2022\/10\/WhatsApp-Image-2022-10-16-at-07.26.59-4-6.jpeg\" data-link=\"https:\/\/ispef-cha.infd.edu.ar\/sitio\/?attachment_id=1738#main\" class=\"wp-image-1738\" srcset=\"https:\/\/ispef-cha.infd.edu.ar\/sitio\/wp-content\/uploads\/2022\/10\/WhatsApp-Image-2022-10-16-at-07.26.59-4-6.jpeg 720w, https:\/\/ispef-cha.infd.edu.ar\/sitio\/wp-content\/uploads\/2022\/10\/WhatsApp-Image-2022-10-16-at-07.26.59-4-6-450x1000.jpeg 450w, https:\/\/ispef-cha.infd.edu.ar\/sitio\/wp-content\/uploads\/2022\/10\/WhatsApp-Image-2022-10-16-at-07.26.59-4-6-691x1536.jpeg 691w\" sizes=\"(max-width: 720px) 100vw, 720px\" \/><\/figure><\/li><li class=\"blocks-gallery-item\"><figure><img decoding=\"async\" loading=\"lazy\" width=\"719\" height=\"1600\" src=\"https:\/\/ispef-cha.infd.edu.ar\/sitio\/wp-content\/uploads\/2022\/10\/WhatsApp-Image-2022-10-16-at-07.26.59-6-6.jpeg\" alt=\"\" data-id=\"1739\" data-full-url=\"https:\/\/ispef-cha.infd.edu.ar\/sitio\/wp-content\/uploads\/2022\/10\/WhatsApp-Image-2022-10-16-at-07.26.59-6-6.jpeg\" data-link=\"https:\/\/ispef-cha.infd.edu.ar\/sitio\/?attachment_id=1739#main\" class=\"wp-image-1739\" srcset=\"https:\/\/ispef-cha.infd.edu.ar\/sitio\/wp-content\/uploads\/2022\/10\/WhatsApp-Image-2022-10-16-at-07.26.59-6-6.jpeg 719w, https:\/\/ispef-cha.infd.edu.ar\/sitio\/wp-content\/uploads\/2022\/10\/WhatsApp-Image-2022-10-16-at-07.26.59-6-6-449x1000.jpeg 449w, https:\/\/ispef-cha.infd.edu.ar\/sitio\/wp-content\/uploads\/2022\/10\/WhatsApp-Image-2022-10-16-at-07.26.59-6-6-690x1536.jpeg 690w\" sizes=\"(max-width: 719px) 100vw, 719px\" \/><\/figure><\/li><li class=\"blocks-gallery-item\"><figure><img decoding=\"async\" loading=\"lazy\" width=\"719\" height=\"1600\" src=\"https:\/\/ispef-cha.infd.edu.ar\/sitio\/wp-content\/uploads\/2022\/10\/WhatsApp-Image-2022-10-16-at-07.26.59-7-6.jpeg\" alt=\"\" data-id=\"1740\" data-full-url=\"https:\/\/ispef-cha.infd.edu.ar\/sitio\/wp-content\/uploads\/2022\/10\/WhatsApp-Image-2022-10-16-at-07.26.59-7-6.jpeg\" data-link=\"https:\/\/ispef-cha.infd.edu.ar\/sitio\/?attachment_id=1740#main\" class=\"wp-image-1740\" srcset=\"https:\/\/ispef-cha.infd.edu.ar\/sitio\/wp-content\/uploads\/2022\/10\/WhatsApp-Image-2022-10-16-at-07.26.59-7-6.jpeg 719w, https:\/\/ispef-cha.infd.edu.ar\/sitio\/wp-content\/uploads\/2022\/10\/WhatsApp-Image-2022-10-16-at-07.26.59-7-6-449x1000.jpeg 449w, https:\/\/ispef-cha.infd.edu.ar\/sitio\/wp-content\/uploads\/2022\/10\/WhatsApp-Image-2022-10-16-at-07.26.59-7-6-690x1536.jpeg 690w\" sizes=\"(max-width: 719px) 100vw, 719px\" \/><\/figure><\/li><li class=\"blocks-gallery-item\"><figure><img decoding=\"async\" loading=\"lazy\" width=\"719\" height=\"1600\" src=\"https:\/\/ispef-cha.infd.edu.ar\/sitio\/wp-content\/uploads\/2022\/10\/WhatsApp-Image-2022-10-16-at-07.26.59-8-6.jpeg\" alt=\"\" data-id=\"1741\" data-full-url=\"https:\/\/ispef-cha.infd.edu.ar\/sitio\/wp-content\/uploads\/2022\/10\/WhatsApp-Image-2022-10-16-at-07.26.59-8-6.jpeg\" data-link=\"https:\/\/ispef-cha.infd.edu.ar\/sitio\/?attachment_id=1741#main\" class=\"wp-image-1741\" srcset=\"https:\/\/ispef-cha.infd.edu.ar\/sitio\/wp-content\/uploads\/2022\/10\/WhatsApp-Image-2022-10-16-at-07.26.59-8-6.jpeg 719w, https:\/\/ispef-cha.infd.edu.ar\/sitio\/wp-content\/uploads\/2022\/10\/WhatsApp-Image-2022-10-16-at-07.26.59-8-6-449x1000.jpeg 449w, https:\/\/ispef-cha.infd.edu.ar\/sitio\/wp-content\/uploads\/2022\/10\/WhatsApp-Image-2022-10-16-at-07.26.59-8-6-690x1536.jpeg 690w\" sizes=\"(max-width: 719px) 100vw, 719px\" \/><\/figure><\/li><li class=\"blocks-gallery-item\"><figure><img decoding=\"async\" loading=\"lazy\" width=\"720\" height=\"1600\" src=\"https:\/\/ispef-cha.infd.edu.ar\/sitio\/wp-content\/uploads\/2022\/10\/WhatsApp-Image-2022-10-16-at-07.26.59-9-6.jpeg\" alt=\"\" data-id=\"1742\" data-full-url=\"https:\/\/ispef-cha.infd.edu.ar\/sitio\/wp-content\/uploads\/2022\/10\/WhatsApp-Image-2022-10-16-at-07.26.59-9-6.jpeg\" data-link=\"https:\/\/ispef-cha.infd.edu.ar\/sitio\/?attachment_id=1742#main\" class=\"wp-image-1742\" srcset=\"https:\/\/ispef-cha.infd.edu.ar\/sitio\/wp-content\/uploads\/2022\/10\/WhatsApp-Image-2022-10-16-at-07.26.59-9-6.jpeg 720w, https:\/\/ispef-cha.infd.edu.ar\/sitio\/wp-content\/uploads\/2022\/10\/WhatsApp-Image-2022-10-16-at-07.26.59-9-6-450x1000.jpeg 450w, https:\/\/ispef-cha.infd.edu.ar\/sitio\/wp-content\/uploads\/2022\/10\/WhatsApp-Image-2022-10-16-at-07.26.59-9-6-691x1536.jpeg 691w\" sizes=\"(max-width: 720px) 100vw, 720px\" \/><\/figure><\/li><li class=\"blocks-gallery-item\"><figure><img decoding=\"async\" loading=\"lazy\" width=\"719\" height=\"1600\" src=\"https:\/\/ispef-cha.infd.edu.ar\/sitio\/wp-content\/uploads\/2022\/10\/WhatsApp-Image-2022-10-16-at-07.26.59-10-6.jpeg\" alt=\"\" data-id=\"1743\" data-full-url=\"https:\/\/ispef-cha.infd.edu.ar\/sitio\/wp-content\/uploads\/2022\/10\/WhatsApp-Image-2022-10-16-at-07.26.59-10-6.jpeg\" data-link=\"https:\/\/ispef-cha.infd.edu.ar\/sitio\/?attachment_id=1743#main\" class=\"wp-image-1743\" srcset=\"https:\/\/ispef-cha.infd.edu.ar\/sitio\/wp-content\/uploads\/2022\/10\/WhatsApp-Image-2022-10-16-at-07.26.59-10-6.jpeg 719w, https:\/\/ispef-cha.infd.edu.ar\/sitio\/wp-content\/uploads\/2022\/10\/WhatsApp-Image-2022-10-16-at-07.26.59-10-6-449x1000.jpeg 449w, https:\/\/ispef-cha.infd.edu.ar\/sitio\/wp-content\/uploads\/2022\/10\/WhatsApp-Image-2022-10-16-at-07.26.59-10-6-690x1536.jpeg 690w\" sizes=\"(max-width: 719px) 100vw, 719px\" \/><\/figure><\/li><li class=\"blocks-gallery-item\"><figure><img decoding=\"async\" loading=\"lazy\" width=\"1600\" height=\"720\" src=\"https:\/\/ispef-cha.infd.edu.ar\/sitio\/wp-content\/uploads\/2022\/10\/WhatsApp-Image-2022-10-16-at-07.26.59-12-6.jpeg\" alt=\"\" data-id=\"1745\" data-full-url=\"https:\/\/ispef-cha.infd.edu.ar\/sitio\/wp-content\/uploads\/2022\/10\/WhatsApp-Image-2022-10-16-at-07.26.59-12-6.jpeg\" data-link=\"https:\/\/ispef-cha.infd.edu.ar\/sitio\/?attachment_id=1745#main\" class=\"wp-image-1745\" srcset=\"https:\/\/ispef-cha.infd.edu.ar\/sitio\/wp-content\/uploads\/2022\/10\/WhatsApp-Image-2022-10-16-at-07.26.59-12-6.jpeg 1600w, https:\/\/ispef-cha.infd.edu.ar\/sitio\/wp-content\/uploads\/2022\/10\/WhatsApp-Image-2022-10-16-at-07.26.59-12-6-1000x450.jpeg 1000w, https:\/\/ispef-cha.infd.edu.ar\/sitio\/wp-content\/uploads\/2022\/10\/WhatsApp-Image-2022-10-16-at-07.26.59-12-6-768x346.jpeg 768w, https:\/\/ispef-cha.infd.edu.ar\/sitio\/wp-content\/uploads\/2022\/10\/WhatsApp-Image-2022-10-16-at-07.26.59-12-6-1536x691.jpeg 1536w\" sizes=\"(max-width: 1600px) 100vw, 1600px\" \/><\/figure><\/li><li class=\"blocks-gallery-item\"><figure><img decoding=\"async\" loading=\"lazy\" width=\"720\" height=\"1600\" src=\"https:\/\/ispef-cha.infd.edu.ar\/sitio\/wp-content\/uploads\/2022\/10\/WhatsApp-Image-2022-10-16-at-07.26.59-14-6.jpeg\" alt=\"\" data-id=\"1746\" data-full-url=\"https:\/\/ispef-cha.infd.edu.ar\/sitio\/wp-content\/uploads\/2022\/10\/WhatsApp-Image-2022-10-16-at-07.26.59-14-6.jpeg\" data-link=\"https:\/\/ispef-cha.infd.edu.ar\/sitio\/?attachment_id=1746#main\" class=\"wp-image-1746\" srcset=\"https:\/\/ispef-cha.infd.edu.ar\/sitio\/wp-content\/uploads\/2022\/10\/WhatsApp-Image-2022-10-16-at-07.26.59-14-6.jpeg 720w, https:\/\/ispef-cha.infd.edu.ar\/sitio\/wp-content\/uploads\/2022\/10\/WhatsApp-Image-2022-10-16-at-07.26.59-14-6-450x1000.jpeg 450w, https:\/\/ispef-cha.infd.edu.ar\/sitio\/wp-content\/uploads\/2022\/10\/WhatsApp-Image-2022-10-16-at-07.26.59-14-6-691x1536.jpeg 691w\" sizes=\"(max-width: 720px) 100vw, 720px\" \/><\/figure><\/li><li class=\"blocks-gallery-item\"><figure><img decoding=\"async\" loading=\"lazy\" width=\"1600\" height=\"900\" src=\"https:\/\/ispef-cha.infd.edu.ar\/sitio\/wp-content\/uploads\/2022\/10\/WhatsApp-Image-2022-10-16-at-07.26.59-16-6.jpeg\" alt=\"\" data-id=\"1747\" data-full-url=\"https:\/\/ispef-cha.infd.edu.ar\/sitio\/wp-content\/uploads\/2022\/10\/WhatsApp-Image-2022-10-16-at-07.26.59-16-6.jpeg\" data-link=\"https:\/\/ispef-cha.infd.edu.ar\/sitio\/?attachment_id=1747#main\" class=\"wp-image-1747\" srcset=\"https:\/\/ispef-cha.infd.edu.ar\/sitio\/wp-content\/uploads\/2022\/10\/WhatsApp-Image-2022-10-16-at-07.26.59-16-6.jpeg 1600w, https:\/\/ispef-cha.infd.edu.ar\/sitio\/wp-content\/uploads\/2022\/10\/WhatsApp-Image-2022-10-16-at-07.26.59-16-6-1000x563.jpeg 1000w, https:\/\/ispef-cha.infd.edu.ar\/sitio\/wp-content\/uploads\/2022\/10\/WhatsApp-Image-2022-10-16-at-07.26.59-16-6-768x432.jpeg 768w, https:\/\/ispef-cha.infd.edu.ar\/sitio\/wp-content\/uploads\/2022\/10\/WhatsApp-Image-2022-10-16-at-07.26.59-16-6-1536x864.jpeg 1536w\" sizes=\"(max-width: 1600px) 100vw, 1600px\" \/><\/figure><\/li><li class=\"blocks-gallery-item\"><figure><img decoding=\"async\" loading=\"lazy\" width=\"720\" height=\"1600\" src=\"https:\/\/ispef-cha.infd.edu.ar\/sitio\/wp-content\/uploads\/2022\/10\/WhatsApp-Image-2022-10-16-at-07.26.59-1-6.jpeg\" alt=\"\" data-id=\"1749\" data-full-url=\"https:\/\/ispef-cha.infd.edu.ar\/sitio\/wp-content\/uploads\/2022\/10\/WhatsApp-Image-2022-10-16-at-07.26.59-1-6.jpeg\" data-link=\"https:\/\/ispef-cha.infd.edu.ar\/sitio\/?attachment_id=1749#main\" class=\"wp-image-1749\" srcset=\"https:\/\/ispef-cha.infd.edu.ar\/sitio\/wp-content\/uploads\/2022\/10\/WhatsApp-Image-2022-10-16-at-07.26.59-1-6.jpeg 720w, https:\/\/ispef-cha.infd.edu.ar\/sitio\/wp-content\/uploads\/2022\/10\/WhatsApp-Image-2022-10-16-at-07.26.59-1-6-450x1000.jpeg 450w, https:\/\/ispef-cha.infd.edu.ar\/sitio\/wp-content\/uploads\/2022\/10\/WhatsApp-Image-2022-10-16-at-07.26.59-1-6-691x1536.jpeg 691w\" sizes=\"(max-width: 720px) 100vw, 720px\" \/><\/figure><\/li><\/ul><\/figure>\n\n\n\n<p><\/p>\n","protected":false},"excerpt":{"rendered":"<p>En el marco del acompa\u00f1amiento a diversas actividades de las organizaciones del medio, el IESEF partici\u00f3 junto a alumnos y profesores de la unidad curricular VOLEY en el acompa\u00f1amiento al XXXV Encuentro de Minivoley organizado por el CUNE. Asistierona al evento el profesor Daniel Collado y el equipo directivo.<\/p>\n","protected":false},"author":72,"featured_media":0,"parent":0,"menu_order":0,"comment_status":"closed","ping_status":"closed","template":"","meta":[],"acf":[],"_links":{"self":[{"href":"https:\/\/ispef-cha.infd.edu.ar\/sitio\/wp-json\/wp\/v2\/pages\/1735"}],"collection":[{"href":"https:\/\/ispef-cha.infd.edu.ar\/sitio\/wp-json\/wp\/v2\/pages"}],"about":[{"href":"https:\/\/ispef-cha.infd.edu.ar\/sitio\/wp-json\/wp\/v2\/types\/page"}],"author":[{"embeddable":true,"href":"https:\/\/ispef-cha.infd.edu.ar\/sitio\/wp-json\/wp\/v2\/users\/72"}],"replies":[{"embeddable":true,"href":"https:\/\/ispef-cha.infd.edu.ar\/sitio\/wp-json\/wp\/v2\/comments?post=1735"}],"version-history":[{"count":2,"href":"https:\/\/ispef-cha.infd.edu.ar\/sitio\/wp-json\/wp\/v2\/pages\/1735\/revisions"}],"predecessor-version":[{"id":1754,"href":"https:\/\/ispef-cha.infd.edu.ar\/sitio\/wp-json\/wp\/v2\/pages\/1735\/revisions\/1754"}],"wp:attachment":[{"href":"https:\/\/ispef-cha.infd.edu.ar\/sitio\/wp-json\/wp\/v2\/media?parent=1735"}],"curies":[{"name":"wp","href":"https:\/\/api.w.org\/{rel}","templated":true}]}}